{"id":5638,"date":"2022-03-18T16:41:14","date_gmt":"2022-03-18T16:41:14","guid":{"rendered":"https:\/\/www.clinicainstitutoocular.com.co\/site-clinica\/?page_id=5638"},"modified":"2022-03-18T16:41:15","modified_gmt":"2022-03-18T16:41:15","slug":"mision","status":"publish","type":"page","link":"https:\/\/www.clinicainstitutoocular.com.co\/site-clinica\/mision\/","title":{"rendered":"MISI\u00d3N"},"content":{"rendered":"\n<p>Ofrecer servicios de oftalmolog\u00eda cl\u00ednica y quir\u00fargica a nuestros usuarios, a trav\u00e9s de excelentes herramientas sistem\u00e1ticas, equipos de \u00faltima tecnolog\u00eda y los mejores especialistas que permitan garantizar la seguridad y calidad en la atenci\u00f3n para nuestros usuarios.<\/p>\n","protected":false},"excerpt":{"rendered":"<p>Ofrecer servicios de oftalmolog\u00eda cl\u00ednica y quir\u00fargica a nuestros usuarios, a trav\u00e9s de excelentes herramientas sistem\u00e1ticas, equipos de \u00faltima tecnolog\u00eda y los mejores especialistas que permitan garantizar la seguridad y calidad en la atenci\u00f3n para nuestros usuarios.<\/p>\n","protected":false},"author":1,"featured_media":0,"parent":0,"menu_order":0,"comment_status":"closed","ping_status":"closed","template":"","meta":{"rs_blank_template":"","rs_page_bg_color":"","slide_template_v7":"","footnotes":""},"class_list":["post-5638","page","type-page","status-publish","hentry"],"_links":{"self":[{"href":"https:\/\/www.clinicainstitutoocular.com.co\/site-clinica\/wp-json\/wp\/v2\/pages\/5638","targetHints":{"allow":["GET"]}}],"collection":[{"href":"https:\/\/www.clinicainstitutoocular.com.co\/site-clinica\/wp-json\/wp\/v2\/pages"}],"about":[{"href":"https:\/\/www.clinicainstitutoocular.com.co\/site-clinica\/wp-json\/wp\/v2\/types\/page"}],"author":[{"embeddable":true,"href":"https:\/\/www.clinicainstitutoocular.com.co\/site-clinica\/wp-json\/wp\/v2\/users\/1"}],"replies":[{"embeddable":true,"href":"https:\/\/www.clinicainstitutoocular.com.co\/site-clinica\/wp-json\/wp\/v2\/comments?post=5638"}],"version-history":[{"count":1,"href":"https:\/\/www.clinicainstitutoocular.com.co\/site-clinica\/wp-json\/wp\/v2\/pages\/5638\/revisions"}],"predecessor-version":[{"id":5639,"href":"https:\/\/www.clinicainstitutoocular.com.co\/site-clinica\/wp-json\/wp\/v2\/pages\/5638\/revisions\/5639"}],"wp:attachment":[{"href":"https:\/\/www.clinicainstitutoocular.com.co\/site-clinica\/wp-json\/wp\/v2\/media?parent=5638"}],"curies":[{"name":"wp","href":"https:\/\/api.w.org\/{rel}","templated":true}]}}