{"id":57,"date":"2017-07-12T22:52:56","date_gmt":"2017-07-12T22:52:56","guid":{"rendered":"http:\/\/www.clinicainstitutoocular.com.co\/site-clinica\/?page_id=57"},"modified":"2022-02-03T15:56:20","modified_gmt":"2022-02-03T15:56:20","slug":"servicios-examen-de-diagnostico","status":"publish","type":"page","link":"https:\/\/www.clinicainstitutoocular.com.co\/site-clinica\/servicios\/servicios-examen-de-diagnostico\/","title":{"rendered":"Servicios Examen de Diagnostico"},"content":{"rendered":"<div class=\"wpb-content-wrapper\"><p>[vc_row][vc_column width=\u00bb1\/6&#8243;][\/vc_column][vc_column width=\u00bb1\/6&#8243;][\/vc_column][\/vc_row][vc_row][vc_column width=\u00bb1\/6&#8243;][\/vc_column][vc_column width=\u00bb2\/3&#8243; css=\u00bb.vc_custom_1506527117405{background-color: #ffffff !important;}\u00bb][vc_column_text]<\/p>\n<h2 id=\"u67654-2\" style=\"text-align: center;\">EXAMEN DE DIAGNOSTICO<\/h2>\n<p>[\/vc_column_text][vc_single_image image=\u00bb313&#8243; img_size=\u00bbmedium\u00bb alignment=\u00bbcenter\u00bb onclick=\u00bblink_image\u00bb image_hovers=\u00bbfalse\u00bb css=\u00bb.vc_custom_1506527436021{background-color: #ffffff !important;}\u00bb][\/vc_column][vc_column width=\u00bb1\/6&#8243;][\/vc_column][\/vc_row][vc_row][vc_column width=\u00bb1\/6&#8243;][\/vc_column][vc_column width=\u00bb2\/3&#8243;][vc_column_text]<\/p>\n<div align=\"justify\">Es la valoraci\u00f3n que realiza un profesional Oftalm\u00f3logo o subespecialista sobre el estado anat\u00f3mico y funcional del ojo, anexos y estructuras relacionadas, las patolog\u00edas del globo ocular, la musculatura ocular, sistema lagrimal, p\u00e1rpados y sus tratamientos, que comprende una valoraci\u00f3n del segmento anterior y del fondo de ojo posterior a la Dilataci\u00f3n pupilar.<\/div>\n<div align=\"justify\">\n<h3 id=\"u67655-5\" class=\"SUB-TITULO-TEXTOS shared_content\" data-content-guid=\"u67655-5_content\"><span id=\"u67655-4\">S\u00cdNTOMAS\u00a0QUE\u00a0INDICAN\u00a0LA\u00a0NECESIDAD\u00a0DE\u00a0UNA<\/span><\/h3>\n<h3 id=\"u67655-8\" class=\"SUB-TITULO-TEXTOS shared_content\" data-content-guid=\"u67655-8_content\"><span id=\"u67655-6\" class=\"shared_content\" data-content-guid=\"u67655-6_content\">PRONTA\u00a0VALORACI\u00d3N<\/span><\/h3>\n<ol id=\"u67655-54\" class=\"list0 nls-None shared_content\" data-content-guid=\"u67655-54_content\">\n<li id=\"u67655-11\" class=\"Texto\">Ni\u00f1o\u00a0prematuro<\/li>\n<li id=\"u67655-13\" class=\"Texto\">\u00a0Desviaci\u00f3n\u00a0de los\u00a0ojos<\/li>\n<li id=\"u67655-15\" class=\"Texto\">Ni\u00f1o\u00a0con\u00a0lagrimeo\u00a0y\u00a0molestias\u00a0con la\u00a0luz<\/li>\n<li id=\"u67655-17\" class=\"Texto\">Diferencia\u00a0en el\u00a0tama\u00f1o\u00a0de los\u00a0ojos<\/li>\n<li id=\"u67655-19\" class=\"Texto\">Mal\u00a0rendimiento\u00a0en el\u00a0colegio<\/li>\n<li id=\"u67655-21\" class=\"Texto\">Dolor de\u00a0cabeza<\/li>\n<li id=\"u67655-23\" class=\"Texto\">Ojo\u00a0rojo<\/li>\n<li id=\"u67655-25\" class=\"Texto\">Secreci\u00f3n,\u00a0lagrimeo, ardor<\/li>\n<li id=\"u67655-27\" class=\"Texto\">\u00a0\u201cOjos\u00a0salidos\u201d\u00a0(Exoftalmos)<\/li>\n<li id=\"u67655-29\" class=\"Texto\">Dolor ocular<\/li>\n<li id=\"u67655-31\" class=\"Texto\">Visi\u00f3n\u00a0borrosa<\/li>\n<li id=\"u67655-33\" class=\"Texto\">Visi\u00f3n\u00a0doble<\/li>\n<li id=\"u67655-35\" class=\"Texto\">Perdida\u00a0s\u00fabita\u00a0de la\u00a0visi\u00f3n<\/li>\n<li id=\"u67655-37\" class=\"Texto\">Visi\u00f3n\u00a0que\u00a0\u201cva\u00a0y\u00a0viene\u201d<\/li>\n<li id=\"u67655-39\" class=\"Texto\">Molestias\u00a0con la\u00a0luz\u00a0\u2013\u00a0perdida\u00a0de\u00a0visi\u00f3n\u00a0lateral<\/li>\n<li id=\"u67655-41\" class=\"Texto\">C\u00edrculos\u00a0o\u00a0rayos\u00a0alrededor\u00a0de\u00a0las\u00a0luces<\/li>\n<li id=\"u67655-43\" class=\"Texto\">\u201cMoscas\u201d,\u00a0puntos,\u00a0culebrillas,\u00a0telara\u00f1as, sombras\u00a0luces\u00a0o\u00a0rel\u00e1mpagos<\/li>\n<li id=\"u67655-45\" class=\"Texto\">Ojos\u00a0miopes<\/li>\n<li id=\"u67655-47\" class=\"Texto\">Golpes\u00a0en los\u00a0ojos<\/li>\n<li id=\"u67655-49\" class=\"Texto\">Confusi\u00f3n\u00a0de los\u00a0colores<\/li>\n<li id=\"u67655-51\" class=\"Texto\">Disminuci\u00f3n\u00a0de la\u00a0visi\u00f3n\u00a0en la\u00a0noche<\/li>\n<li id=\"u67655-53\" class=\"Texto\">Ingesta\u00a0de\u00a0licores\u00a0adulterados.<\/li>\n<\/ol>\n<\/div>\n<p>[\/vc_column_text][\/vc_column][vc_column width=\u00bb1\/6&#8243;][\/vc_column][\/vc_row]<\/p>\n<\/div>","protected":false},"excerpt":{"rendered":"<p>[vc_row][vc_column width=\u00bb1\/6&#8243;][\/vc_column][vc_column width=\u00bb1\/6&#8243;][\/vc_column][\/vc_row][vc_row][vc_column width=\u00bb1\/6&#8243;][\/vc_column][vc_column width=\u00bb2\/3&#8243; css=\u00bb.vc_custom_1506527117405{background-color: #ffffff !important;}\u00bb][vc_column_text] EXAMEN DE DIAGNOSTICO [\/vc_column_text][vc_single_image image=\u00bb313&#8243; img_size=\u00bbmedium\u00bb alignment=\u00bbcenter\u00bb onclick=\u00bblink_image\u00bb image_hovers=\u00bbfalse\u00bb css=\u00bb.vc_custom_1506527436021{background-color: #ffffff !important;}\u00bb][\/vc_column][vc_column width=\u00bb1\/6&#8243;][\/vc_column][\/vc_row][vc_row][vc_column width=\u00bb1\/6&#8243;][\/vc_column][vc_column width=\u00bb2\/3&#8243;][vc_column_text] Es la valoraci\u00f3n que realiza un profesional Oftalm\u00f3logo o subespecialista sobre el estado anat\u00f3mico y funcional del ojo, anexos y estructuras relacionadas, las patolog\u00edas del globo ocular, la musculatura ocular, sistema lagrimal, &hellip; <a href=\"https:\/\/www.clinicainstitutoocular.com.co\/site-clinica\/servicios\/servicios-examen-de-diagnostico\/\" class=\"more-link\">Continue reading <span class=\"screen-reader-text\">Servicios Examen de Diagnostico<\/span><\/a><\/p>\n","protected":false},"author":1,"featured_media":0,"parent":44,"menu_order":0,"comment_status":"closed","ping_status":"closed","template":"","meta":{"rs_blank_template":"","rs_page_bg_color":"","slide_template_v7":"","footnotes":""},"class_list":["post-57","page","type-page","status-publish","hentry"],"_links":{"self":[{"href":"https:\/\/www.clinicainstitutoocular.com.co\/site-clinica\/wp-json\/wp\/v2\/pages\/57","targetHints":{"allow":["GET"]}}],"collection":[{"href":"https:\/\/www.clinicainstitutoocular.com.co\/site-clinica\/wp-json\/wp\/v2\/pages"}],"about":[{"href":"https:\/\/www.clinicainstitutoocular.com.co\/site-clinica\/wp-json\/wp\/v2\/types\/page"}],"author":[{"embeddable":true,"href":"https:\/\/www.clinicainstitutoocular.com.co\/site-clinica\/wp-json\/wp\/v2\/users\/1"}],"replies":[{"embeddable":true,"href":"https:\/\/www.clinicainstitutoocular.com.co\/site-clinica\/wp-json\/wp\/v2\/comments?post=57"}],"version-history":[{"count":10,"href":"https:\/\/www.clinicainstitutoocular.com.co\/site-clinica\/wp-json\/wp\/v2\/pages\/57\/revisions"}],"predecessor-version":[{"id":5481,"href":"https:\/\/www.clinicainstitutoocular.com.co\/site-clinica\/wp-json\/wp\/v2\/pages\/57\/revisions\/5481"}],"up":[{"embeddable":true,"href":"https:\/\/www.clinicainstitutoocular.com.co\/site-clinica\/wp-json\/wp\/v2\/pages\/44"}],"wp:attachment":[{"href":"https:\/\/www.clinicainstitutoocular.com.co\/site-clinica\/wp-json\/wp\/v2\/media?parent=57"}],"curies":[{"name":"wp","href":"https:\/\/api.w.org\/{rel}","templated":true}]}}