{"id":69,"date":"2017-07-12T22:57:52","date_gmt":"2017-07-12T22:57:52","guid":{"rendered":"http:\/\/www.clinicainstitutoocular.com.co\/site-clinica\/?page_id=69"},"modified":"2022-05-07T16:50:50","modified_gmt":"2022-05-07T16:50:50","slug":"servicios-lasik-y-cirugia-refractiva","status":"publish","type":"page","link":"https:\/\/www.clinicainstitutoocular.com.co\/site-clinica\/servicios\/servicios-lasik-y-cirugia-refractiva\/","title":{"rendered":"Servicios Lasik y cirug\u00eda refractiva"},"content":{"rendered":"<div class=\"wpb-content-wrapper\"><p>[vc_row][vc_column width=\u00bb1\/6&#8243;][\/vc_column][vc_column width=\u00bb2\/3&#8243;][vc_column_text]<\/p>\n<h2 id=\"u85216-2\" style=\"text-align: center;\">LASIK Y CIRUGIA REFRACTIVA<\/h2>\n<p>[\/vc_column_text][vc_video link=\u00bbhttps:\/\/www.youtube.com\/watch?v=8DDnlGrv5qY\u00bb][\/vc_column][vc_column width=\u00bb1\/6&#8243;][\/vc_column][\/vc_row][vc_row][vc_column width=\u00bb1\/6&#8243;][\/vc_column][vc_column width=\u00bb2\/3&#8243;][vc_column_text]<\/p>\n<div align=\"justify\">Si su visi\u00f3n es tan s\u00f3lo un poco borrosa, un cambio en la prescripci\u00f3n de sus anteojos puede ser todo lo que necesita por alg\u00fan periodo de tiempo. No obstante, si despu\u00e9s de cambiar la graduaci\u00f3n de sus anteojos todav\u00eda no ve lo suficiente como para realizar las actividades que le gustan o necesita hacer, debe considerar una cirug\u00eda de cataratas.<br \/>\nPor medio de la cirug\u00eda de cataratas, el lente nublado se remueve y es reemplazado con un lente artificial transparente, llamado lente intraocular (LIO). Su oftalm\u00f3logo discutir\u00e1 con usted el procedimiento quir\u00fargico de cataratas, los procesos de preparaci\u00f3n y recuperaci\u00f3n despu\u00e9s de la cirug\u00eda, sus beneficios y posibles complicaciones, al igual que sus costos y otras informaciones importantes.La cirug\u00eda de cataratas a menudo se realiza como un procedimiento ambulatorio y no requiere hospitalizaci\u00f3n.<\/div>\n<p>[\/vc_column_text][\/vc_column][vc_column width=\u00bb1\/6&#8243;][\/vc_column][\/vc_row]<\/p>\n<\/div>","protected":false},"excerpt":{"rendered":"<p>[vc_row][vc_column width=\u00bb1\/6&#8243;][\/vc_column][vc_column width=\u00bb2\/3&#8243;][vc_column_text] LASIK Y CIRUGIA REFRACTIVA [\/vc_column_text][vc_video link=\u00bbhttps:\/\/www.youtube.com\/watch?v=8DDnlGrv5qY\u00bb][\/vc_column][vc_column width=\u00bb1\/6&#8243;][\/vc_column][\/vc_row][vc_row][vc_column width=\u00bb1\/6&#8243;][\/vc_column][vc_column width=\u00bb2\/3&#8243;][vc_column_text] Si su visi\u00f3n es tan s\u00f3lo un poco borrosa, un cambio en la prescripci\u00f3n de sus anteojos puede ser todo lo que necesita por alg\u00fan periodo de tiempo. No obstante, si despu\u00e9s de cambiar la graduaci\u00f3n de sus anteojos todav\u00eda no ve lo &hellip; <a href=\"https:\/\/www.clinicainstitutoocular.com.co\/site-clinica\/servicios\/servicios-lasik-y-cirugia-refractiva\/\" class=\"more-link\">Continue reading <span class=\"screen-reader-text\">Servicios Lasik y cirug\u00eda refractiva<\/span><\/a><\/p>\n","protected":false},"author":1,"featured_media":0,"parent":44,"menu_order":0,"comment_status":"closed","ping_status":"closed","template":"","meta":{"rs_blank_template":"","rs_page_bg_color":"","slide_template_v7":"","footnotes":""},"class_list":["post-69","page","type-page","status-publish","hentry"],"_links":{"self":[{"href":"https:\/\/www.clinicainstitutoocular.com.co\/site-clinica\/wp-json\/wp\/v2\/pages\/69","targetHints":{"allow":["GET"]}}],"collection":[{"href":"https:\/\/www.clinicainstitutoocular.com.co\/site-clinica\/wp-json\/wp\/v2\/pages"}],"about":[{"href":"https:\/\/www.clinicainstitutoocular.com.co\/site-clinica\/wp-json\/wp\/v2\/types\/page"}],"author":[{"embeddable":true,"href":"https:\/\/www.clinicainstitutoocular.com.co\/site-clinica\/wp-json\/wp\/v2\/users\/1"}],"replies":[{"embeddable":true,"href":"https:\/\/www.clinicainstitutoocular.com.co\/site-clinica\/wp-json\/wp\/v2\/comments?post=69"}],"version-history":[{"count":7,"href":"https:\/\/www.clinicainstitutoocular.com.co\/site-clinica\/wp-json\/wp\/v2\/pages\/69\/revisions"}],"predecessor-version":[{"id":5709,"href":"https:\/\/www.clinicainstitutoocular.com.co\/site-clinica\/wp-json\/wp\/v2\/pages\/69\/revisions\/5709"}],"up":[{"embeddable":true,"href":"https:\/\/www.clinicainstitutoocular.com.co\/site-clinica\/wp-json\/wp\/v2\/pages\/44"}],"wp:attachment":[{"href":"https:\/\/www.clinicainstitutoocular.com.co\/site-clinica\/wp-json\/wp\/v2\/media?parent=69"}],"curies":[{"name":"wp","href":"https:\/\/api.w.org\/{rel}","templated":true}]}}