{"id":71,"date":"2017-07-12T22:58:44","date_gmt":"2017-07-12T22:58:44","guid":{"rendered":"http:\/\/www.clinicainstitutoocular.com.co\/site-clinica\/?page_id=71"},"modified":"2022-05-07T16:39:02","modified_gmt":"2022-05-07T16:39:02","slug":"servicios-neuroftalmologia","status":"publish","type":"page","link":"https:\/\/www.clinicainstitutoocular.com.co\/site-clinica\/servicios\/servicios-neuroftalmologia\/","title":{"rendered":"Servicios Neuroftalmologia"},"content":{"rendered":"<div class=\"wpb-content-wrapper\"><p>[vc_row][vc_column width=\u00bb1\/6&#8243;][\/vc_column][vc_column width=\u00bb2\/3&#8243;][vc_column_text]<\/p>\n<h2 id=\"u86906-2\" style=\"text-align: center;\">NEUROFTALMOLOG\u00cdA<\/h2>\n<p>[\/vc_column_text][\/vc_column][vc_column width=\u00bb1\/6&#8243;][\/vc_column][\/vc_row][vc_row][vc_column width=\u00bb1\/6&#8243;][\/vc_column][vc_column width=\u00bb2\/3&#8243;][vc_column_text]<\/p>\n<div align=\"justify\">La neuroftalmolog\u00eda es una rama de la oftalmolog\u00eda que se ha desarrollado y generalizado recientemente y que se dedica al estudio de las enfermedades relacionadas con el sistema nervioso que afectan a la funci\u00f3n y al sistema visual. Es decir, que el m\u00e9dico especialista en esta materia diagnostica, trata y realiza el seguimiento de las patolog\u00edas relacionadas con el nervio \u00f3ptico, con la v\u00eda visual, con la corteza cerebral, con el sistema nervioso central, con los m\u00fasculos oculares, las alteraciones pupilares y las enfermedades que producen alteraciones en el control voluntario del cierre y apertura de los p\u00e1rpados (tics o blefaroespasmos). En la mayor parte de las ocasiones, las Unidades de Neuroftalmolog\u00eda se basan en la colaboraci\u00f3n directa entre el m\u00e9dico especialista en Oftalmolog\u00eda (especialista en las enfermedades relacionadas con el sistema visual) y el m\u00e9dico especialista en Neurolog\u00eda (especialista en trastornos del sistema nervioso).<\/div>\n<div align=\"justify\"><\/div>\n<div align=\"justify\"><\/div>\n<p>[\/vc_column_text][vc_column_text]<\/p>\n<h3 id=\"u86907-6\" class=\"SUB-TITULO-TEXTOS-1-1 shared_content\" data-content-guid=\"u86907-6_content\">Trastornos Neuroftalmol\u00f3gicos<\/h3>\n<p>[\/vc_column_text][vc_column_text]<\/p>\n<div align=\"justify\">\n<p><strong>Neuropat\u00edas \u00f3pticas<\/strong><br \/>\nLas neuropat\u00edas \u00f3pticas son aquellas enfermedades que afectan al nervio \u00f3ptico (el nervio que transmite la informaci\u00f3n desde la retina a la corteza visual del cerebro) y suelen manifestarse con p\u00e9rdidas bruscas de visi\u00f3n en un ojo o en los dos ojos. Estas patolog\u00edas precisan de un estudio neurol\u00f3gico y oftalmol\u00f3gico exhaustivo y de un tratamiento adecuado prescrito por un especialista ya que, adem\u00e1s de provocar la p\u00e9rdida de visi\u00f3n, pueden ser la expresi\u00f3n de otras enfermedades generales importantes (problemas cardiovasculares, diabetes, lupus, esclerosis m\u00faltiple\u2026). Dentro de las neuropat\u00edas \u00f3pticas, cabe destacar la neuritis \u00f3ptica, una inflamaci\u00f3n del nervio \u00f3ptico que puede estar asociada a otras enfermedades o aparecer sin una causa concreta y conocida.<\/p>\n<p><strong>Enfermedades que afectan a los m\u00fasculos oculares<\/strong><br \/>\nEste tipo de patolog\u00edas generalmente se manifiestan con visi\u00f3n doble (diplop\u00eda). El estudio de las causas de la visi\u00f3n doble se lleva a cabo desde la Unidad de Neuroftalmolog\u00eda en coordinaci\u00f3n con la Unidad de Estrabismo.<\/p>\n<p><strong>Blefaroespasmos<\/strong><br \/>\nEn los casos m\u00e1s severos, los blefaroespasmos o espasmos palpebrales causados por contracciones espasm\u00f3dicas, involuntarias y repetitivas de los m\u00fasculos de los p\u00e1rpados pueden llegar a ser invalidantes para la visi\u00f3n hasta llegar a producir alteraciones visuales, visi\u00f3n borrosa o sensibilidad a la luz. Por eso deben ser tratados con la mayor premura posible.<\/p>\n<p><strong>Cefaleas y migra\u00f1as<\/strong><br \/>\nEl t\u00e9rmino cefalea hace referencia a los dolores y molestias localizadas en cualquier parte de la cabeza, en los diferentes tejidos de la cavidad craneana y en los m\u00fasculos y vasos sangu\u00edneos que rodean el cuero cabelludo, la cara y el cuello. Existen diferentes tipos de cefaleas (cefaleas tensionales, cefaleas por abuso de analg\u00e9sicos, cefaleas trig\u00e9mino vasculares, y migra\u00f1as o jaquecas).<\/p>\n<p><strong>Alteraciones de la pupila<\/strong><br \/>\nSe suelen manifestar cuando el tama\u00f1o de las pupilas disminuye sim\u00e9tricamente en su exposici\u00f3n a la luz (defectos pupilares aferentes) o cuando se produce una asimetr\u00eda pupilar o anisocoria (defectos pupilares eferentes).<\/div>\n<p>[\/vc_column_text][\/vc_column][vc_column width=\u00bb1\/6&#8243;][\/vc_column][\/vc_row]<\/p>\n<\/div>","protected":false},"excerpt":{"rendered":"<p>[vc_row][vc_column width=\u00bb1\/6&#8243;][\/vc_column][vc_column width=\u00bb2\/3&#8243;][vc_column_text] NEUROFTALMOLOG\u00cdA [\/vc_column_text][\/vc_column][vc_column width=\u00bb1\/6&#8243;][\/vc_column][\/vc_row][vc_row][vc_column width=\u00bb1\/6&#8243;][\/vc_column][vc_column width=\u00bb2\/3&#8243;][vc_column_text] La neuroftalmolog\u00eda es una rama de la oftalmolog\u00eda que se ha desarrollado y generalizado recientemente y que se dedica al estudio de las enfermedades relacionadas con el sistema nervioso que afectan a la funci\u00f3n y al sistema visual. Es decir, que el m\u00e9dico especialista en esta materia &hellip; <a href=\"https:\/\/www.clinicainstitutoocular.com.co\/site-clinica\/servicios\/servicios-neuroftalmologia\/\" class=\"more-link\">Continue reading <span class=\"screen-reader-text\">Servicios Neuroftalmologia<\/span><\/a><\/p>\n","protected":false},"author":1,"featured_media":0,"parent":44,"menu_order":0,"comment_status":"closed","ping_status":"closed","template":"","meta":{"rs_blank_template":"","rs_page_bg_color":"","slide_template_v7":"","footnotes":""},"class_list":["post-71","page","type-page","status-publish","hentry"],"_links":{"self":[{"href":"https:\/\/www.clinicainstitutoocular.com.co\/site-clinica\/wp-json\/wp\/v2\/pages\/71","targetHints":{"allow":["GET"]}}],"collection":[{"href":"https:\/\/www.clinicainstitutoocular.com.co\/site-clinica\/wp-json\/wp\/v2\/pages"}],"about":[{"href":"https:\/\/www.clinicainstitutoocular.com.co\/site-clinica\/wp-json\/wp\/v2\/types\/page"}],"author":[{"embeddable":true,"href":"https:\/\/www.clinicainstitutoocular.com.co\/site-clinica\/wp-json\/wp\/v2\/users\/1"}],"replies":[{"embeddable":true,"href":"https:\/\/www.clinicainstitutoocular.com.co\/site-clinica\/wp-json\/wp\/v2\/comments?post=71"}],"version-history":[{"count":11,"href":"https:\/\/www.clinicainstitutoocular.com.co\/site-clinica\/wp-json\/wp\/v2\/pages\/71\/revisions"}],"predecessor-version":[{"id":5701,"href":"https:\/\/www.clinicainstitutoocular.com.co\/site-clinica\/wp-json\/wp\/v2\/pages\/71\/revisions\/5701"}],"up":[{"embeddable":true,"href":"https:\/\/www.clinicainstitutoocular.com.co\/site-clinica\/wp-json\/wp\/v2\/pages\/44"}],"wp:attachment":[{"href":"https:\/\/www.clinicainstitutoocular.com.co\/site-clinica\/wp-json\/wp\/v2\/media?parent=71"}],"curies":[{"name":"wp","href":"https:\/\/api.w.org\/{rel}","templated":true}]}}