{"id":81,"date":"2017-07-12T23:02:03","date_gmt":"2017-07-12T23:02:03","guid":{"rendered":"http:\/\/www.clinicainstitutoocular.com.co\/site-clinica\/?page_id=81"},"modified":"2022-05-07T16:47:44","modified_gmt":"2022-05-07T16:47:44","slug":"servicios-paquimetria","status":"publish","type":"page","link":"https:\/\/www.clinicainstitutoocular.com.co\/site-clinica\/servicios\/servicios-paquimetria\/","title":{"rendered":"Servicios Paquimetria"},"content":{"rendered":"<div class=\"wpb-content-wrapper\"><p>[vc_row][vc_column width=\u00bb1\/6&#8243;][\/vc_column][vc_column width=\u00bb2\/3&#8243;][vc_column_text]<\/p>\n<h2 id=\"u93610-2\" style=\"text-align: center;\">PAQUIMETR\u00cdA<\/h2>\n<p>[\/vc_column_text][vc_single_image image=\u00bb370&#8243; img_size=\u00bbmedium\u00bb alignment=\u00bbcenter\u00bb image_hovers=\u00bbfalse\u00bb][\/vc_column][vc_column width=\u00bb1\/6&#8243;][\/vc_column][\/vc_row][vc_row][vc_column width=\u00bb1\/6&#8243;][\/vc_column][vc_column width=\u00bb2\/3&#8243;][vc_column_text]<\/p>\n<div align=\"justify\">La paquimetr\u00eda es un examen indoloro que permite medir el grosor de la c\u00f3rnea. El paqu\u00edmetro es una sonda que se coloca suavemente en la parte frontal del ojo (la c\u00f3rnea) y mide su espesor. La paquimetr\u00eda puede ayudar a su diagn\u00f3stico, ya que el espesor corneal puede influir en las lecturas de su presi\u00f3n ocular. Con esta medida, el m\u00e9dico puede comprender mejor su lectura de la presi\u00f3n intraocular y desarrollar un plan de tratamiento que sea adecuado para usted. El procedimiento solo toma un minuto para medir ambos ojos.<br \/>\nConsiste en la t\u00e9cnica de medici\u00f3n del grosor de la c\u00f3rnea en distintos puntos de la superficie de la misma. La paquimetr\u00eda puede ser ultras\u00f3nica, que requiere de contacto entre la sonda de medici\u00f3n y la c\u00f3rnea, y que se basa en el mismo fundamento que la biometr\u00eda ultras\u00f3nica. Tambi\u00e9n existen t\u00e9cnicas de biometr\u00eda \u00f3ptica, en las que mediante el uso de un haz de luz se mide la distancia entre los reflejos provocados en las superficies anterior y posterior de la c\u00f3rnea.<\/div>\n<div align=\"justify\">La paquimetr\u00eda corneal resulta fundamental en la valoraci\u00f3n del grado de hidrataci\u00f3n de la c\u00f3rnea y en el diagn\u00f3stico y cuantificci\u00f3n del edema corneal. Asismismo resulta esencial en la valoraci\u00f3n preoperatoria de la cirug\u00eda que requiere adelgazar o implantar cuerpos artificales en el interior de la c\u00f3rnea, tales como la cirug\u00eda refractiva corneal, el implante de segmentos intracorneales, etc.<\/div>\n<p>[\/vc_column_text][\/vc_column][vc_column width=\u00bb1\/6&#8243;][\/vc_column][\/vc_row]<\/p>\n<\/div>","protected":false},"excerpt":{"rendered":"<p>[vc_row][vc_column width=\u00bb1\/6&#8243;][\/vc_column][vc_column width=\u00bb2\/3&#8243;][vc_column_text] PAQUIMETR\u00cdA [\/vc_column_text][vc_single_image image=\u00bb370&#8243; img_size=\u00bbmedium\u00bb alignment=\u00bbcenter\u00bb image_hovers=\u00bbfalse\u00bb][\/vc_column][vc_column width=\u00bb1\/6&#8243;][\/vc_column][\/vc_row][vc_row][vc_column width=\u00bb1\/6&#8243;][\/vc_column][vc_column width=\u00bb2\/3&#8243;][vc_column_text] La paquimetr\u00eda es un examen indoloro que permite medir el grosor de la c\u00f3rnea. El paqu\u00edmetro es una sonda que se coloca suavemente en la parte frontal del ojo (la c\u00f3rnea) y mide su espesor. La paquimetr\u00eda puede ayudar a su diagn\u00f3stico, ya &hellip; <a href=\"https:\/\/www.clinicainstitutoocular.com.co\/site-clinica\/servicios\/servicios-paquimetria\/\" class=\"more-link\">Continue reading <span class=\"screen-reader-text\">Servicios Paquimetria<\/span><\/a><\/p>\n","protected":false},"author":1,"featured_media":0,"parent":44,"menu_order":0,"comment_status":"closed","ping_status":"closed","template":"","meta":{"rs_blank_template":"","rs_page_bg_color":"","slide_template_v7":"","footnotes":""},"class_list":["post-81","page","type-page","status-publish","hentry"],"_links":{"self":[{"href":"https:\/\/www.clinicainstitutoocular.com.co\/site-clinica\/wp-json\/wp\/v2\/pages\/81","targetHints":{"allow":["GET"]}}],"collection":[{"href":"https:\/\/www.clinicainstitutoocular.com.co\/site-clinica\/wp-json\/wp\/v2\/pages"}],"about":[{"href":"https:\/\/www.clinicainstitutoocular.com.co\/site-clinica\/wp-json\/wp\/v2\/types\/page"}],"author":[{"embeddable":true,"href":"https:\/\/www.clinicainstitutoocular.com.co\/site-clinica\/wp-json\/wp\/v2\/users\/1"}],"replies":[{"embeddable":true,"href":"https:\/\/www.clinicainstitutoocular.com.co\/site-clinica\/wp-json\/wp\/v2\/comments?post=81"}],"version-history":[{"count":8,"href":"https:\/\/www.clinicainstitutoocular.com.co\/site-clinica\/wp-json\/wp\/v2\/pages\/81\/revisions"}],"predecessor-version":[{"id":5707,"href":"https:\/\/www.clinicainstitutoocular.com.co\/site-clinica\/wp-json\/wp\/v2\/pages\/81\/revisions\/5707"}],"up":[{"embeddable":true,"href":"https:\/\/www.clinicainstitutoocular.com.co\/site-clinica\/wp-json\/wp\/v2\/pages\/44"}],"wp:attachment":[{"href":"https:\/\/www.clinicainstitutoocular.com.co\/site-clinica\/wp-json\/wp\/v2\/media?parent=81"}],"curies":[{"name":"wp","href":"https:\/\/api.w.org\/{rel}","templated":true}]}}