{"id":83,"date":"2017-07-12T23:03:08","date_gmt":"2017-07-12T23:03:08","guid":{"rendered":"http:\/\/www.clinicainstitutoocular.com.co\/site-clinica\/?page_id=83"},"modified":"2022-05-07T16:53:28","modified_gmt":"2022-05-07T16:53:28","slug":"servicios-retina-vitreo-y-segmento-posterior","status":"publish","type":"page","link":"https:\/\/www.clinicainstitutoocular.com.co\/site-clinica\/servicios\/servicios-retina-vitreo-y-segmento-posterior\/","title":{"rendered":"Servicios Retina Vitreo y Segmento Posterior"},"content":{"rendered":"<div class=\"wpb-content-wrapper\"><p>[vc_row][vc_column width=\u00bb1\/6&#8243;][\/vc_column][vc_column width=\u00bb2\/3&#8243;][vc_column_text]<\/p>\n<h2 id=\"u95197-2\" style=\"text-align: center;\">RETINA VITREO Y SEGMENTO POSTERIOR<\/h2>\n<p>[\/vc_column_text][vc_video link=\u00bbhttps:\/\/www.youtube.com\/watch?v=4SlfZxNr9co\u00bb][\/vc_column][vc_column width=\u00bb1\/6&#8243;][\/vc_column][\/vc_row][vc_row][vc_column width=\u00bb1\/6&#8243;][\/vc_column][vc_column width=\u00bb2\/3&#8243;][vc_column_text]<\/p>\n<div align=\"justify\">\n<p><strong>Retina<\/strong><br \/>\nLa retina est\u00e1 situada en la parte m\u00e1s interna del ojo y es una capa que juega un papel muy importante en el sistema visual. La luz que llega a la retina se transforma en impulsos el\u00e9ctricos. \u00c9stos pasan a trav\u00e9s del nervio \u00f3ptico hasta el cerebro con el fin de proporcionar una visi\u00f3n n\u00edtida. La transformaci\u00f3n de la luz se da a cabo gracias a los fotoreceptores situados en la retina: los conos y los bastones. La visi\u00f3n en color viene dada por los conos y la visi\u00f3n en blanco y negro por los bastones.<\/p>\n<p><strong>Nervio \u00f3ptico<\/strong><br \/>\nEl nervio \u00f3ptico es una estructura que tiene la misi\u00f3n de transportar los impulsos nerviosos provenientes de los conos y los bastones (los fotoreceptores que se hallan en la retina) hacia el cerebro. Est\u00e1 compuesto por una gran cantidad de fibras y gracias a ellas, es posible la creaci\u00f3n y reconocimiento de las im\u00e1genes. Por ese motivo, el nervio \u00f3ptico debe estar sano. En caso de padecer alguna lesi\u00f3n en esta zona, la visi\u00f3n no ser\u00e1 correcta y el campo visual se ve reducido. El Glaucoma es una de las enfermedades asociadas al deterioro del nervio \u00f3ptico y con el aumento de la presi\u00f3n intraocular (PIO). Es muy importante controlar la salud del nervio \u00f3ptico ya que si se ve afectado, los da\u00f1os ocasionados son irreversibles.<\/p>\n<p><strong>M\u00e1cula<\/strong><br \/>\nEn la retina se hallan dos tipos de fotoreceptores: los conos (responsables de la visi\u00f3n en color) y los bastones (responsables de la visi\u00f3n en blanco y negro). Hay una zona en la cual la concentraci\u00f3n de conos es muy elevada: la m\u00e1cula. Es necesario que los rayos que entran en un sistema ocular focalicen en ese punto para conseguir una visi\u00f3n adecuada. El hecho de poseer esta gran concentraci\u00f3n de conos es porque esta zona es la que traduce al cerebro las im\u00e1genes del campo visual central; las que deben tener la informaci\u00f3n m\u00e1s detallada y precisa.<br \/>\nUna lesi\u00f3n en esta zona afecta mucho a la persona que la padece, puesto que limita las actividades diarias rutinarias, como la lectura, la conducci\u00f3n, subir o bajar escaleras, etc. La DMAE (Degeneraci\u00f3n Macular Asociada a la Edad) es un ejemplo de enfermedad que ataca esta zona y que afecta a un porcentaje elevado de personas (en general mayores de 50 a\u00f1os). Se produce a causa de la degeneraci\u00f3n de los tejidos retinianos y debe ser tratada con rapidez y eficacia.<\/p>\n<p><strong>Humor V\u00edtreo<\/strong><br \/>\nEl humor v\u00edtreo se encuentra dentro de la cavidad v\u00edtrea, que es la m\u00e1s grande del globo ocular. Limita en su parte anterior con el cristalino y en su parte posterior con la retina. Est\u00e1 compuesto por \u00e1cido hialur\u00f3nico y sostenido por fibras de col\u00e1geno. En caso de que alguna part\u00edcula de la retina se desprenda, acaba flotando entre esta sustancia y por ese motivo en ocasiones podemos ver puntitos en movimiento com\u00fanmente conocidos como \u201cmoscas flotantes\u201d. La presi\u00f3n ejercida por este l\u00edquido colabora a mantener la forma esf\u00e9rica del globo ocular.<\/div>\n<p>[\/vc_column_text][\/vc_column][vc_column width=\u00bb1\/6&#8243;][\/vc_column][\/vc_row]<\/p>\n<\/div>","protected":false},"excerpt":{"rendered":"<p>[vc_row][vc_column width=\u00bb1\/6&#8243;][\/vc_column][vc_column width=\u00bb2\/3&#8243;][vc_column_text] RETINA VITREO Y SEGMENTO POSTERIOR [\/vc_column_text][vc_video link=\u00bbhttps:\/\/www.youtube.com\/watch?v=4SlfZxNr9co\u00bb][\/vc_column][vc_column width=\u00bb1\/6&#8243;][\/vc_column][\/vc_row][vc_row][vc_column width=\u00bb1\/6&#8243;][\/vc_column][vc_column width=\u00bb2\/3&#8243;][vc_column_text] Retina La retina est\u00e1 situada en la parte m\u00e1s interna del ojo y es una capa que juega un papel muy importante en el sistema visual. La luz que llega a la retina se transforma en impulsos el\u00e9ctricos. \u00c9stos pasan a trav\u00e9s &hellip; <a href=\"https:\/\/www.clinicainstitutoocular.com.co\/site-clinica\/servicios\/servicios-retina-vitreo-y-segmento-posterior\/\" class=\"more-link\">Continue reading <span class=\"screen-reader-text\">Servicios Retina Vitreo y Segmento Posterior<\/span><\/a><\/p>\n","protected":false},"author":1,"featured_media":0,"parent":44,"menu_order":0,"comment_status":"closed","ping_status":"closed","template":"","meta":{"rs_blank_template":"","rs_page_bg_color":"","slide_template_v7":"","footnotes":""},"class_list":["post-83","page","type-page","status-publish","hentry"],"_links":{"self":[{"href":"https:\/\/www.clinicainstitutoocular.com.co\/site-clinica\/wp-json\/wp\/v2\/pages\/83","targetHints":{"allow":["GET"]}}],"collection":[{"href":"https:\/\/www.clinicainstitutoocular.com.co\/site-clinica\/wp-json\/wp\/v2\/pages"}],"about":[{"href":"https:\/\/www.clinicainstitutoocular.com.co\/site-clinica\/wp-json\/wp\/v2\/types\/page"}],"author":[{"embeddable":true,"href":"https:\/\/www.clinicainstitutoocular.com.co\/site-clinica\/wp-json\/wp\/v2\/users\/1"}],"replies":[{"embeddable":true,"href":"https:\/\/www.clinicainstitutoocular.com.co\/site-clinica\/wp-json\/wp\/v2\/comments?post=83"}],"version-history":[{"count":6,"href":"https:\/\/www.clinicainstitutoocular.com.co\/site-clinica\/wp-json\/wp\/v2\/pages\/83\/revisions"}],"predecessor-version":[{"id":5711,"href":"https:\/\/www.clinicainstitutoocular.com.co\/site-clinica\/wp-json\/wp\/v2\/pages\/83\/revisions\/5711"}],"up":[{"embeddable":true,"href":"https:\/\/www.clinicainstitutoocular.com.co\/site-clinica\/wp-json\/wp\/v2\/pages\/44"}],"wp:attachment":[{"href":"https:\/\/www.clinicainstitutoocular.com.co\/site-clinica\/wp-json\/wp\/v2\/media?parent=83"}],"curies":[{"name":"wp","href":"https:\/\/api.w.org\/{rel}","templated":true}]}}