{"id":87,"date":"2017-07-12T23:04:28","date_gmt":"2017-07-12T23:04:28","guid":{"rendered":"http:\/\/www.clinicainstitutoocular.com.co\/site-clinica\/?page_id=87"},"modified":"2022-05-07T16:50:24","modified_gmt":"2022-05-07T16:50:24","slug":"servicios-topografia-corneal","status":"publish","type":"page","link":"https:\/\/www.clinicainstitutoocular.com.co\/site-clinica\/servicios\/servicios-topografia-corneal\/","title":{"rendered":"Servicios Topograf\u00eda Corneal"},"content":{"rendered":"<div class=\"wpb-content-wrapper\"><p>[vc_row][vc_column width=\u00bb1\/6&#8243;][\/vc_column][vc_column width=\u00bb2\/3&#8243;][vc_column_text]<\/p>\n<h2 id=\"u97080-2\" style=\"text-align: center;\">TOPOGRAF\u00cdA CORNEAL<\/h2>\n<p>[\/vc_column_text][vc_single_image image=\u00bb383&#8243; img_size=\u00bbmedium\u00bb alignment=\u00bbcenter\u00bb onclick=\u00bblink_image\u00bb image_hovers=\u00bbfalse\u00bb][\/vc_column][vc_column width=\u00bb1\/6&#8243;][\/vc_column][\/vc_row][vc_row][vc_column width=\u00bb1\/6&#8243;][\/vc_column][vc_column width=\u00bb2\/3&#8243;][vc_column_text]<\/p>\n<div align=\"justify\">\n<p><strong>La topograf\u00eda corneal es una prueba muy habitual que se realiza en muchas cl\u00ednicas oftalmol\u00f3gicas y \u00f3pticas, pero, \u00bfQu\u00e9 es una topograf\u00eda corneal?<\/strong><\/p>\n<p>La topograf\u00eda corneal es una herramienta diagn\u00f3stica computerizada que crea un mapa tridimensional de la superficie curva de la c\u00f3rnea. La c\u00f3rnea es la parte transparente m\u00e1s externa del ojo que tiene forma de b\u00f3veda y cuyo tama\u00f1o es similar al di\u00e1metro del iris (zona coloreada del ojo). La gran ventaja de la topograf\u00eda corneal sobre otros m\u00e9todos es su facilidad para detectar irregularidades corneales invisibles por medio de la mayor\u00eda de los ex\u00e1menes convencionales.<br \/>\nEn los \u00faltimos 10-15 a\u00f1os, la topograf\u00eda corneal ha recibido un tremendo impulso pasando de ser un dispositivo s\u00f3lo utilizado para investigaci\u00f3n a ser un instrumento que usan muchos optometristas y oftalm\u00f3logos diariamente en sus consultas. Yo tuve la suerte de ser uno de los primeros optometristas de Espa\u00f1a en utilizarlo ya que he trabajado con un top\u00f3grafo desde el a\u00f1o 2000 y por eso puedo decir que en determinados casos ha supuesto un avance enorme para el diagn\u00f3stico precoz de alteraciones e irregularidades corneales como el Queratocono y la Degeneraci\u00f3n Marginal Pellucida, as\u00ed como para la adaptaci\u00f3n de lentes de contacto especiales.<br \/>\nEl impulso definitivo para popularizar el uso de la topograf\u00eda corneal fue la aparici\u00f3n de la cirug\u00eda refractiva con l\u00e1ser ya que es un instrumento imprescindible para el estudio pre-cirug\u00eda y post-cirug\u00eda.<\/div>\n<p>[\/vc_column_text][\/vc_column][vc_column width=\u00bb1\/6&#8243;][\/vc_column][\/vc_row]<\/p>\n<\/div>","protected":false},"excerpt":{"rendered":"<p>[vc_row][vc_column width=\u00bb1\/6&#8243;][\/vc_column][vc_column width=\u00bb2\/3&#8243;][vc_column_text] TOPOGRAF\u00cdA CORNEAL [\/vc_column_text][vc_single_image image=\u00bb383&#8243; img_size=\u00bbmedium\u00bb alignment=\u00bbcenter\u00bb onclick=\u00bblink_image\u00bb image_hovers=\u00bbfalse\u00bb][\/vc_column][vc_column width=\u00bb1\/6&#8243;][\/vc_column][\/vc_row][vc_row][vc_column width=\u00bb1\/6&#8243;][\/vc_column][vc_column width=\u00bb2\/3&#8243;][vc_column_text] La topograf\u00eda corneal es una prueba muy habitual que se realiza en muchas cl\u00ednicas oftalmol\u00f3gicas y \u00f3pticas, pero, \u00bfQu\u00e9 es una topograf\u00eda corneal? La topograf\u00eda corneal es una herramienta diagn\u00f3stica computerizada que crea un mapa tridimensional de la superficie curva de &hellip; <a href=\"https:\/\/www.clinicainstitutoocular.com.co\/site-clinica\/servicios\/servicios-topografia-corneal\/\" class=\"more-link\">Continue reading <span class=\"screen-reader-text\">Servicios Topograf\u00eda Corneal<\/span><\/a><\/p>\n","protected":false},"author":1,"featured_media":0,"parent":44,"menu_order":0,"comment_status":"closed","ping_status":"closed","template":"","meta":{"rs_blank_template":"","rs_page_bg_color":"","slide_template_v7":"","footnotes":""},"class_list":["post-87","page","type-page","status-publish","hentry"],"_links":{"self":[{"href":"https:\/\/www.clinicainstitutoocular.com.co\/site-clinica\/wp-json\/wp\/v2\/pages\/87","targetHints":{"allow":["GET"]}}],"collection":[{"href":"https:\/\/www.clinicainstitutoocular.com.co\/site-clinica\/wp-json\/wp\/v2\/pages"}],"about":[{"href":"https:\/\/www.clinicainstitutoocular.com.co\/site-clinica\/wp-json\/wp\/v2\/types\/page"}],"author":[{"embeddable":true,"href":"https:\/\/www.clinicainstitutoocular.com.co\/site-clinica\/wp-json\/wp\/v2\/users\/1"}],"replies":[{"embeddable":true,"href":"https:\/\/www.clinicainstitutoocular.com.co\/site-clinica\/wp-json\/wp\/v2\/comments?post=87"}],"version-history":[{"count":6,"href":"https:\/\/www.clinicainstitutoocular.com.co\/site-clinica\/wp-json\/wp\/v2\/pages\/87\/revisions"}],"predecessor-version":[{"id":5708,"href":"https:\/\/www.clinicainstitutoocular.com.co\/site-clinica\/wp-json\/wp\/v2\/pages\/87\/revisions\/5708"}],"up":[{"embeddable":true,"href":"https:\/\/www.clinicainstitutoocular.com.co\/site-clinica\/wp-json\/wp\/v2\/pages\/44"}],"wp:attachment":[{"href":"https:\/\/www.clinicainstitutoocular.com.co\/site-clinica\/wp-json\/wp\/v2\/media?parent=87"}],"curies":[{"name":"wp","href":"https:\/\/api.w.org\/{rel}","templated":true}]}}